e 0 = -21*h - c*h + 192. Give m(h).
27
Let j(f) = -5 - 36486*f**2 - f**3 + 36486*f**2. Give j(0).
-5
Let i(k) = -k**2 - k - 4. Let x = 69 - 55. Let s be 4/x - -12*3/(-126). Give i(s).
-4
Let q = -8470 + 8474. Let u(i) = -4*i**2 + 2*i - 2. Determine u(q).
-58
Let u(h) = h**3 + 8*h**2 + 6*h + 2. Let d(y) = -2*y**3 - 14*y**2 - 10*y - 3. Let w(s) = 4*d(s) + 7*u(s). Calculate w(0).
2
Let h(b) = b. Let v(c) be the first derivative of c**3/3 + 5*c**2/2 - 19*c + 249. Let y = -19 - -11. Let k be v(y). Determine h(k).
5
Let b = -29195 - -29198. Let x(t) be the third derivative of -24*t**2 + 0 + 1/4*t**4 - 1/3*t**b - 1/60*t**5 + 0*t. Calculate x(3).
7
Let z = 1357 - 1348. Let u(l) = -6*l - 8. Calculate u(z).
-62
Let f(w) = w**2 + w - 1. Let h(a) = -3*a**2 - 6*a + 2. Let g(z) = -4*f(z) - h(z). Let c(r) = 7*r**2 - 7*r - 9. Let u(y) = c(y) + 6*g(y). Calculate u(-3).
-3
Let o(n) = -155 - 5*n + n + 8*n + 183. Calculate o(-9).
-8
Let m(c) = 11*c + 83. Let w(j) = 21*j + 161. Let k(n) = -9*m(n) + 5*w(n). What is k(-10)?
-2
Let r = 1279 + -1290. Let f(s) = -s**2 - 21*s - 108. Calculate f(r).
2
Let s(i) be the third derivative of -i**6/120 + 23*i**5/60 - 9*i**4/8 + 14*i**3 - 5*i**2 + 11*i - 31. Give s(22).
-26
Suppose -5*j + f + 34 = 0, 5*j + 2*f - 49 = -27. Let y(b) be the second derivative of b**5/20 - 5*b**4/12 - 2*b**3/3 - 3*b**2 + 12*b. Give y(j).
6
Let g(x) = -49*x + 71*x + 34 - 59. Calculate g(1).
-3
Let c(v) = 5*v - 251 - 7*v + 171 - 2*v + 17*v. Determine c(5).
-15
Let y(t) = -t - 1. Suppose -5*z = 33 - 38. Let o be (-2*z/(-3))/((-6)/(-27)). Suppose -o*p = -0*p + 2*u + 28, -5*p + u - 25 = 0. What is y(p)?
5
Let g(f) be the second derivative of -7*f**5/30 + f**4/24 - f**3/6 + 107*f**2/2 + 49*f. Let l(m) be the first derivative of g(m). What is l(1)?
-14
Suppose 4*u + 5*f + 11 = 0, -119*u + 117*u - 5*f = 13. Let k(c) = 2*c**2. Let j(o) = 3*o**2. Let g(r) = 5*j(r) - 8*k(r). What is g(u)?
-1
Let n = 142 + 14. Suppose -n = 2*x - 142. Let c(t) = -t - 3. Give c(x).
4
Let q(t) be the third derivative of -t**4/3 - 25*t**3/3 - 53*t**2 - 38*t - 1. What is q(-9)?
22
Suppose 5*f + 77 = 32, 0 = n + f - 11. Let h(l) = l**2 - 9*l - 235. Determine h(n).
-15
Let l = -15306 - -15293. Let s(i) = 8*i + 87. What is s(l)?
-17
Let n(l) be the first derivative of 0*l - 18 - 4/3*l**3 + 1/4*l**4 - l**2. Determine n(5).
15
Let w(b) be the first derivative of -b**3/3 + b + 603. Give w(2).
-3
Let k(v) = 48*v - 147. Let q(x) = -50*x + 153*x - 53*x - 9 - 47*x. Let c(s) = -4*k(s) + 66*q(s). Calculate c(6).
30
Let a(n) = -8*n + 9. Let c(h) = -3*h**3 - 24*h**2 + 26*h + 209. Let m be c(-8). Determine a(m).
1
Let n(i) = -i**3 - 9*i**2 + i + 12. Let d be n(-9). Suppose -10 - 1 = d*a - 4*z, 4 = 3*a - z. Let l(y) = -6*y. Determine l(a).
-18
Suppose -74*t - 79 + 449 = 0. Suppose 19*w = 20*w + t*x + 1, -w + x + 5 = 0. Let v(z) = -1 + 5 + 0*z**2 - z**3 + 4*z**2. Give v(w).
4
Let s(a) be the third derivative of a**6/120 + a**5/6 + a**4/8 - a**3/6 - 10348*a**2. Determine s(-10).
-31
Let w(d) = -7*d + 5*d + 3*d - 11. Let y(u) = -61*u - 482. Let t be y(-8). Calculate w(t).
-5
Let r = 27024 - 27020. Let g(z) = 2*z**2 - 8*z + 16. What is g(r)?
16
Let v(f) = f**3 - 5*f**2 + 5*f. Let g(q) = 2*q**3 - 5*q**2 - 13*q + 10. Let t be g(5). Suppose 66*k + 8 = t*k. Calculate v(k).
-2
Let z(a) = 5*a**3 + 405*a**2 - 2*a + 6. Let l(p) = 14*p**3 + 1114*p**2 - 5*p + 16. Let x(u) = 4*l(u) - 11*z(u). Let d = 4 - 1. Give x(d).
40
Let f(n) be the first derivative of -n**6/360 - 7*n**5/120 + 11*n**4/24 - 80*n**3 + 43. Let c(l) be the third derivative of f(l). Determine c(-8).
3
Let r(v) = 28 - 2796*v - 2807*v + 5606*v. Determine r(-4).
16
Let u(q) = -15*q + 197. Let s be u(13). Let k(v) be the second derivative of -7*v - 1/12*v**4 + 0 + 0*v**s + 0*v**3. Calculate k(-1).
-1
Let z(h) = -h**2 + 2*h. Let y = 454 - 449. Suppose y*u - c - c - 24 = 0, -u + 10 = -3*c. Give z(u).
-8
Let a(f) = -2*f + 6. Let v = -6 - -13. Let n(g) = 268*g + 2410. Let w be n(-9). Let o = w + v. Determine a(o).
-4
Let y(n) = -6*n**2 + n - 4. Let v(j) = j + 49. Let u be v(11). Let a = u - 54. Let z(s) = -5*s**2 + s - 4. Let g(r) = a*y(r) - 7*z(r). Calculate g(-3).
-2
Let c(n) be the third derivative of n**6/360 - 11*n**5/60 + 5*n**4/24 + n**3/3 - n**2 + 87. Let q(w) be the second derivative of c(w). Calculate q(10).
-2
Let g(m) be the third derivative of m**7/840 - m**6/90 - m**5/24 - 7*m**4/24 - 11*m**3/3 - 30*m**2. Let l(i) be the first derivative of g(i). Calculate l(5).
-7
Let k(c) = c**2 - 43*c - 1012. Let g be k(-17). Let h(v) = 2*v**2 - 6*v - 16. Determine h(g).
64
Let r(w) = 2*w**3 - 2*w**2 + 7*w - 16. Let z be r(2). Let u(b) = 324*b + z - 324*b + b**2. Determine u(0).
6
Let g(z) = -17*z + 15. Let w(o) = 228*o - 192. Let v(d) = 27*g(d) + 2*w(d). Suppose 28 = 4*f + 5*r + 4, 18 = 3*f + 5*r. Give v(f).
3
Suppose 5*y + 17 + 8 = 0. Let o(r) be the first derivative of -r**3/3 - 3*r**2 - 2*r - 25. What is o(y)?
3
Let x(f) = 146 + 30*f**2 - 12*f**2 - 42*f + 43 - 19*f**2. Determine x(-46).
5
Let t(u) = -3*u**2 + 4*u + 1. Let k be (-772)/16 + 9/(-12). Let p = -44 - k. Suppose 8*s - 9 = p*s. Determine t(s).
-14
Let u(p) = 73*p. Let w(v) = v**3 + 5*v**2 - 9*v - 12. Let o be w(-1). Give u(o).
73
Suppose 0 = 4*r - b - 10, -3*b = r - 2*b - 5. Let v be 3/(r/(-1)) + (-1)/(-1). Suppose v = 15*m - 18*m. Let d(q) = -q**3 - q + 11. Calculate d(m).
11
Let d(u) = 2*u**3 + 3*u**2 - 2. Let c be d(-1). Let j be (-11)/(21/21 - (1 + c)). Let i = j + 17. Let z(m) = m - 6. Give z(i).
0
Let v(b) = b**3 + 5*b**2 - 8*b - 4. Let c(i) = -i**3 + 18*i**2 - 2*i + 62. Let q be c(18). Let u be (13/(q/(-12)))/1. What is v(u)?
8
Let i be (-13)/(117/(-90)) - 6. Let y be 7 - (1 - 1 - 3). Let h(s) = -1 + i*s + 2 + 13*s**2 - y*s**2 - 2*s**3. What is h(3)?
-14
Let s(q) = -139105910 + 139105905 - 15*q + 6*q. Let i = 5 + -10. Determine s(i).
40
Let b = -4 + 8. Suppose 342 = 15*f - 273. Let h(g) = -f*g + g**2 - 49*g - 45*g + 131*g - 1. Determine h(b).
-1
Let t(h) be the second derivative of -h**4/4 + 3*h**3/2 + 3*h**2 + 220*h. What is t(6)?
-48
Let q = 312 + -310. Let o be (3/(-3) + 1)/q. Let u(g) = -g - 19. What is u(o)?
-19
Let q = -3426 + 3429. Let j(l) be the first derivative of -l - 13 + 1/4*l**4 + 1/2*l**2 + 2*l**q. Give j(-6).
-7
Suppose 0 = f - 5*k - 9, -f + 2*k + 5 = -2*f. Let g(w) be the third derivative of -w**5/30 - w**3/6 + 6239*w**2. Calculate g(f).
-3
Let h(b) = 1 + 6 - 60*b**2 + 111*b**2 - 50*b**2 + 8*b. Let a = -14 + 8. Give h(a).
-5
Suppose -752 = 3*z - 725. Let c be 5/2*z/(225/40). Let n(u) be the second derivative of u**3/2 + 2*u**2 - u. Give n(c).
-8
Let d(w) = 0*w + 5 - 12 - w. Let s be ((9/(-12))/(-3))/((-471)/16956). What is d(s)?
2
Let a = 185 - 183. Let t(v) = 3 - v - 1 - 59*v**a - v**3 + 60*v**2. What is t(3)?
-19
Let h(s) = -s**3 + 10*s**2 - 10*s + 2. Suppose 2*c = 4*o - 40 + 390, 5*c + 5*o = 905. Let x = c + -170. What is h(x)?
-7
Let l(o) be the third derivative of -o**5/30 + 4*o**4/3 - 7*o**3/3 + 318*o**2 - 1. What is l(16)?
-14
Let u(j) = j + 24. Let p be u(-20). Suppose -p*o + 5*o = 0. Suppose o = -2*t + g + g + 10, -g - 6 = -2*t. Let i(a) = 4*a**2 + a - 1. Determine i(t).
4
Suppose 0 = -5*p - 55 + 70. Suppose 5*m = -2*i + 31, 21 = p*i + 2*m + 2. Suppose 10 = -5*f, -7 = i*n + 2*f - 0. Let o(r) = -3*r. Determine o(n).
3
Let g = -459 + 499. Suppose 18 = g*i - 34*i. Let s(u) = -3*u - 4. Give s(i).
-13
Let h = -200 + 209. Let q(n) be the first derivative of -12*n - 4 + 5*n**2 - 1/3*n**3. Give q(h).
-3
Let n(r) = 2*r - 306. Let i(p) = -p + 33. Let a(t) = -6*i(t) - n(t). Determine a(-25).
8
Suppose 6*a - 7426 = -7426. Let x(z) be the third derivative of a*z + 0 + 1/60*z**5 + 9*z**2 - 1/2*z**3 - 1/4*z**4. Determine x(4).
-11
Suppose 180621 - 180634 = -b. Let u(p) = p - 30. Determine u(b).
-17
Let o(i) = -3*i + 116. Let k = -2231 - -2268. Determine o(k).
5
Let q(s) = -s**3 + 11*s**2 + 14*s + 16. Let w be 3*28/(-56)*12/(-9) - -10. Calculate q(w).
40
Let p(x) = -x**3 + x**2 + 8*x. Suppose 0 = 12*g - 3*g - 36. Determine p(g).
-16
Let c = 115 - 99. Let r be (-2)/(c/12)*(-8)/3. Suppose -2*g - r*g + 24 = 0. Let i(p) = -p**3 + 3*p**2 + 4*p - 2. What is i(g)?
-2
Let z(l) = 3*l**3 - 2*l**2 - 2*l**2 + l**2 + l**2 + 1. Let f = 3341 - 3340. What is z(f)?
2
Let q(z) = -z**3 + 6